g(c) - 5*u(c). Determine a(3).
-5
Let o(u) = u**3 + 6*u**2 + 2*u + 2. Let s = 27 + -25. Suppose -26 = 3*j - 4*d, -s*d + 4 = -0*d. Determine o(j).
-10
Suppose 16 = -5*h - 9. Let a(g) = -11 + 1 + 9 + 8 + g. Give a(h).
2
Let t(d) = d**2 + 11*d + 2. Let l be t(-11). Let k(u) = 4*u**l - 8*u + u**3 - 3*u - 12*u**2 + 13. Calculate k(9).
-5
Let i(c) = 12*c**2 + 6*c**3 - 21*c**2 + c**3 + 10*c**2. Determine i(-1).
-6
Let o(s) = s**3 - 13*s**2 - 16*s - 6. Let f(k) = k**2 + k + 3. Let r(a) = 6*f(a) + o(a). What is r(8)?
-4
Suppose -6*x + 9*x = -15. Let r = x - -8. Let f(o) = -6 - o**3 - 2*o + r*o**2 + 8*o + 0*o**2. Give f(4).
2
Let b(s) = -s**3 + 3*s**2 - s - 1. Let i(g) = -4*g**3 + 34*g**2 - 26*g - 25. Let x(o) = 3*b(o) - i(o). Determine x(24).
-2
Let z(x) = x + 2. Let p be 24/18*(-3)/(-2). Let y be p*(4 - 2) + -1. Determine z(y).
5
Let c(w) = -w + 2. Let v be c(-5). Let j(b) = -3 + 1 + 6*b**2 - 3 + v*b - b**3. Let i = -92 - -99. What is j(i)?
-5
Suppose 0 = -43*m + 2*m - 410. Let k(j) = -2*j - 5. Give k(m).
15
Suppose -19*j + 59 + 36 = 0. Let m(w) = 3. Let g(i) = -i - 6. Let p(o) = 4*g(o) + 9*m(o). Give p(j).
-17
Let b(w) = -11 + w - 15 - 12 - 22 + 77. Give b(-11).
6
Let t(i) = -i**2 - i. Let s(p) = -43 + 5*p + 7*p**2 + 18 + 25. Let h(m) = s(m) + 4*t(m). Give h(-1).
2
Let q(g) be the second derivative of -1/2*g**2 - 11*g + 0*g**3 + 0 - 1/2*g**4. Determine q(-1).
-7
Let f(z) = 7*z**2 + z - 1. Let g be f(1). Let d(j) = 3*j**2 - 4 + g - 4*j - j**2 - j**2. Give d(6).
15
Let o(i) = i - 6. Let q(l) = -l**3 + 10*l**2 - 9*l + 4. Let d be q(9). Suppose -2*v - 4 + d = 0. Give o(v).
-6
Let u(k) = -k**3 + k**2 - 5*k + 9. Let x(a) = a**2 + a - 1. Let f = -19 + 20. Let l(s) = f*u(s) + 4*x(s). Let t be 6 + ((-1)/1)/1. Determine l(t).
0
Suppose 0 = 4*v + 9*b - 7*b - 20, 2*b = 4*v - 28. Let x(d) = -10 + 26 - 9 - d. What is x(v)?
1
Let d(v) = -v**3 + 7*v**2 + 8. Let c(o) = -o**2 + 13*o - 20. Let r be c(9). Suppose -r - 12 = -4*a. Calculate d(a).
8
Let d(r) = 4*r**2 + 3*r - 1. Let t(i) = 2*i. Let b be (-10)/(-14) + (0 - (-4)/14). Let n be t(b). Give d(n).
21
Let g be (-1)/((-18)/15 - -1). Suppose g*j + 11 - 1 = 0. Let d(a) = a**2 + 2*a. What is d(j)?
0
Suppose 5*p = -15, 0*p - 39 = -5*y + 3*p. Let o(w) = 10 - w + 0*w - 6*w + y*w. Give o(8).
2
Let c(r) be the second derivative of -r**5/20 - r**4/12 - r**3/6 + 19*r**2/2 + 17*r. Give c(0).
19
Let w(q) = 7*q**2 - 9*q + 9. Let j(c) = 6*c**2 - 9*c + 9. Let u(z) = -6*j(z) + 5*w(z). Let t be u(6). Let x(b) = -26*b + t*b + 12*b + 4 + b**2. Determine x(5).
4
Suppose 0*v = 5*v - 5. Let l(i) be the first derivative of -i**4/4 + i**3/3 + i**2 - i + 67. What is l(v)?
1
Let z(b) = -b**2 - b**2 + 1 - 44*b + 41*b + b**3 + 3*b**2. Determine z(-4).
-35
Let b(q) = -q**2 - 20*q - 77. Let l be b(-15). Let n(s) = s**3 + 2. What is n(l)?
-6
Let m(g) = -30*g**2 - g**3 + 27*g**2 - 3 + 1. Let x = -13 - -15. Suppose -5 - x = -3*c - 4*w, 3*c - w = -13. Determine m(c).
-2
Let z(m) = 426*m**2 - 426*m**2 + 3*m**3 + m. Determine z(-2).
-26
Let y(i) = 22*i**3 - 3*i**2 + 7*i + 6. Suppose 26*w = 31*w + 25. Let n(s) = s**3 - s**2 + s + 1. Let d(b) = w*n(b) + y(b). What is d(-1)?
-16
Let w(b) = b**3 + 39*b**2 + 2*b + 76. Let q be w(-39). Let p(r) = -12*r**2 - 2. Determine p(q).
-50
Let a = -660 + 656. Let x(q) = -q**3 - 5*q**2 - 5*q - 12. Calculate x(a).
-8
Let u(y) = -2*y + 4. Suppose 5*n - t = -0*n + 34, -2*n = -3*t - 24. What is u(n)?
-8
Let z be (20/60)/(0 - (-1)/12). Suppose -y = 2*a + a - 7, -z*a - 3*y + 1 = 0. Let l(c) = c**2 - 3*c + 5. What is l(a)?
9
Let y(j) be the second derivative of -13*j**4/12 + j**3/3 - j**2/2 - 8*j. Let n = -8 - -9. Calculate y(n).
-12
Let s = 11 - 7. Let t be 4/(-22) + 192/88. Let g(j) = -1 + t - j**3 - 2*j**2 + 5*j**2 + 6*j - 5. Calculate g(s).
4
Let j = 32 - 27. Suppose -33 - 15 = -2*c + j*y, 0 = c + 2*y - 33. Suppose -c + 24 = -f. Let v(z) = -z**2 + 6*z + 5. Calculate v(f).
10
Let p(l) = l**2 + 8*l + 2. Let g be p(-8). Let a(v) = 6 - 6 - v**g. Suppose i - 3*i - 2 = 0. Determine a(i).
-1
Let d(s) = 11*s**3 - s**2 - s. Let z = 125 - 126. Give d(z).
-11
Let l(z) be the first derivative of -z**2 + 2*z - 150. Calculate l(-2).
6
Suppose -28*m = 8*m + 108. Let o(n) = -n**2 - 6*n - 6. Determine o(m).
3
Let g(n) be the third derivative of n**6/6 + n**4/12 + n**3/6 + 2*n**2 - 16*n. Determine g(-1).
-21
Suppose 0 = -g - 4*v + 15, -5*v + 18 = -3*g - 5. Suppose 5*s - 29 = -2*h - 0*h, -2*s = -4*h - 26. Let w(p) = -5 + 3 + 3 + s*p**2 + 2*p + 0*p. Determine w(g).
6
Suppose -5*g = 6 + 4. Let m be 60/(-14) + g/(-7). Let p(j) = 4*j - 20. Let d(t) = -11*t + 54. Let o(u) = 3*d(u) + 8*p(u). Give o(m).
6
Let x(t) = -t**3 - t. Let j be x(-1). Suppose 0 = -4*a + 3*o - 6, a + 3*o = 4*a + 6. Let u(f) = 5 + 3*f**2 - 3 - 3*f + 4*f + a. Determine u(j).
16
Let v = -103 + 107. Let r(d) be the first derivative of -d**3/3 + 4*d**2 - 6*d - 1. Give r(v).
10
Let j(p) = 97*p + 291. Let u be j(-3). Let h(t) = t**2 - 3*t - 9. Determine h(u).
-9
Let d(n) = -56 - 34 - 3*n + 62. Let o be d(-9). Let x(w) = -5*w + 2*w + 0*w - 1. What is x(o)?
2
Let a(m) = 9*m**2 - m. Suppose 4*b + 405 = 5*u, b + 2*b + 15 = 0. Let t be 4/26 - u/(-91). What is a(t)?
8
Let n(m) = -m**2 - 2. Let r be (1 - 45)*14/(-28). Let i = r - 22. Let o be n(i). Let a(c) = -2*c - 2. Calculate a(o).
2
Let d be 12/162 - 1197/(-243). Let a(o) = o**3 - 5*o**2 + 3*o - 10. Determine a(d).
5
Suppose b - 1 = -8. Let d(j) be the third derivative of j**4/12 - j**3 - 1559*j**2. What is d(b)?
-20
Suppose -3*a = -21 + 6. Suppose a*n + 8 = 33. Let o(u) = -u**2 + 2. Let b(j) = 2*j**2 + j - 5. Let w(y) = 6*b(y) + 13*o(y). What is w(n)?
1
Suppose 13*o + 12 = 16*o. Suppose -4*c + o*y + 52 = 0, 4*c + c - 68 = 4*y. Suppose -4*p + 12 = -c. Let v(f) = -f**2 + 6*f + 3. Give v(p).
-4
Let w be -7 + 17/((-136)/(-16)). Let b(x) = -x**2 - 7*x - 2. Give b(w).
8
Let w(g) = -g + 3. Let a = 46 - 24. Let l be a/4 - (-10)/(-20). What is w(l)?
-2
Let d(l) = 7*l + 7. Let c(n) = -9*n - 9. Let q(o) = -3*c(o) - 4*d(o). Let v be 2 - (3*-1 + 2). Suppose -v*a - 2*u = -6, 2*a - u + 2*u = 3. Determine q(a).
-1
Let t(c) = 11*c**3 - 2*c**2 - 17*c + 20. Let b(g) = 4*g**3 - g**2 - 6*g + 7. Let i = -32 + 35. Let s(p) = i*t(p) - 8*b(p). Determine s(-3).
4
Let q = -2 + 1. Let r = q - -4. Let k(n) = -n**3 + 3*n**2 + 2 - 21*n + 20*n + 0. Determine k(r).
-1
Let r(o) = -o**2 + 4*o. Suppose -5*j + 3*v + 19 = 0, -1 = -2*j - 5*v - 12. What is r(j)?
4
Let k(d) = -15 + 10 - d + 1. Let p be k(-6). Let j(u) = -u**2 + 2*u - 2 + 3*u**2 + 1. Calculate j(p).
11
Let r(k) = k**2 - 6*k + 6. Suppose -12*a = -17*a - 4*b + 33, 0 = 5*a - 5*b - 15. What is r(a)?
1
Let h be 4*21/12 - -1. Let c(m) = 10*m**2 - 22*m - 40. Let r(u) = -7*u**2 + 15*u + 27. Let f(l) = 5*c(l) + 7*r(l). Give f(h).
13
Let u(m) = -2*m + 5. Let w(t) = -t**2 + 10*t - 2. Let c be w(8). Let b = c - 18. Give u(b).
13
Let c(m) = -10*m. Let t(x) = -4 - 2*x - 9 + 0*x. Let h be t(-9). Suppose 11 = -b + h*g, -1 + 3 = 4*b + 3*g. Determine c(b).
10
Let o(x) = -2*x**3 + 12*x**2 - 5*x + 27. Let w(a) = a**3 - 6*a**2 + 2*a - 13. Let m(b) = 4*o(b) + 9*w(b). Let y = -1237 - -1244. Determine m(y).
26
Let g(v) = -304 - 3*v + 321 + 2*v. Determine g(11).
6
Let k(p) = -3*p + 9. Suppose 17 = 3*r - 16. Suppose -8*u + r = n - 9*u, -2*n + 3*u + 27 = 0. Give k(n).
-9
Let o(y) = -4*y - 12. Let l = -1753 + 1753. Calculate o(l).
-12
Let b(x) = -x**2 - 5*x - 2. Let k = 462 + -470. Give b(k).
-26
Let p(w) = w**2 - 3*w + 3. Let m(y) = -y**3 + 4*y**2 + y - 2. Let q be m(4). Suppose 0 = -5*f + 2*o + 2 + 13, -q*f - 2*o = -6. Calculate p(f).
3
Suppose 9*i - 10*i - 13 = -3*w, -5*i + 3*w = 65. Let x(r) = r**3 + 12*r**2 - 13*r - 2. What is x(i)?
-2
Let s(z) be the third derivative of -4*z**2 - 1/2*z**3 - 1/40*z**5 + 0*z + 0 + 1/8*z**4. Let r(v) be the first derivative of s(v). Give r(-3).
12
Let v(w) = -17*w**3 + 8*w**2 + 8*w - 5. Let a(x) = 14*x**3 - 7*x**2 - 7*x + 4. Let r(q) = -6*a(q) - 5*v(q). What is r(-2)?
-3
Let a(m) = 13*m**3 - 4*m**2 + m. Let f(x) = -11*x**3 + 3*x**2 - x. Let u(c) = -4*a(c) - 5*f(c). Determine u(-1).
-3
Let q(j) = -8*j - 2. Let b be q(0). Let f(z) = z**2 - 2*z - 5. What is f(b)?
3
Let q(u) = -13 - 11*u + 2*u**2 + 24*u - 2*u - 3*u**2. Give q(9).
5
Let f(l) = -3*l - 1. Let k be f(-1). Let w = -3 - -11. Let q(b) =